 Determine m(-10).
14
Suppose -4*b = -w + 18, b - 1 - 2 = 4*w. Let g(q) be the first derivative of -q**5/40 + 4*q**3/3 + 5. Let d(a) be the third derivative of g(a). Give d(w).
6
Let q(j) be the first derivative of j**2/2 - 7*j - 51. Determine q(5).
-2
Let i(v) = 11*v**2 - 4*v**3 - 2*v**3 + 50*v**2 - 58*v**2. Give i(2).
-36
Let j(s) be the third derivative of 40*s**2 + 0 - 1/3*s**3 - 1/30*s**5 - 1/60*s**6 + 1/12*s**4 + 0*s. Give j(-3).
28
Let i(f) = -9*f**3 + f**2 - f + 1. Let y be i(1). Let s(r) = 4*r + 6. What is s(y)?
-26
Let w be (-4 - -5)/((-2)/(-20)). Suppose 0 = -2*q - 6 + w. Let p(v) = -5*v - v**3 + 2*v**3 - 3 + q + 7*v**2 + 11*v. Give p(-6).
-1
Let j = -756 + 752. Let y(c) = -c**2 + 3*c - 4. Calculate y(j).
-32
Let o(z) = -9*z + 11 + 17 + 13 + 12 - 54. Let y = -7 + 5. Calculate o(y).
17
Let x(c) = -3*c**3 + c**2 - 6*c - 5. Let b(a) = 2*a**3 + 4*a + 4. Let q(d) = 5*b(d) + 4*x(d). What is q(3)?
-30
Let t = 43 - 41. Let g(j) = -j + 3*j + 5 + 3*j**2 - t*j**2 + 3*j. Give g(-4).
1
Let n(y) = y - 11. Let p be n(11). Let f(d) = d**2 - 5*d + 5. Let v be f(5). Suppose p*g = -v*g - 20. Let j(i) = -i**3 - 5*i**2 - 5*i + 1. Give j(g).
5
Let m(f) = f**3 + 3*f**2 - 3*f. Suppose -2*u + 67 = 63. Determine m(u).
14
Suppose 0 = 4*h + 16 - 40. Suppose -15*g = -13*g - h. Let i(k) = -k**2 + 7*k - 2. Let y(a) = -2*a**2 + 13*a - 4. Let t(w) = 7*i(w) - 4*y(w). Determine t(g).
2
Let m(h) = -44*h + 28*h + 19*h. What is m(0)?
0
Let l(u) be the first derivative of u**2 + 11*u + 343. Calculate l(-9).
-7
Suppose 5*j - 9 - 16 = 0. Let m(i) = i**2 - 3*i + 1. Let h(u) = -6*u**2 + 20*u - 1. Let g(o) = h(o) + 5*m(o). Determine g(j).
4
Let d = -36 + 64. Let z = d - 19. Suppose -11*q = -z*q + 4. Let r(t) = 6*t + 3. Calculate r(q).
-9
Let n = 97 + -95. Let w(h) = 10*h - 10*h - 2*h + n. Calculate w(4).
-6
Let i(a) = -a**2 + 5*a + 5. Let h be i(6). Let w = 68 - 63. Let d(c) = -1 + 2*c + w*c**3 - 9*c**3 - 3*c. What is d(h)?
4
Let h(i) = -2*i - 6. Suppose -5*s + 70 = 4*d, -3*d + 4*d - 28 = 4*s. Suppose 25 = -4*f - b, 2*f - 2*b = -d - 0. Calculate h(f).
8
Let r(u) be the first derivative of u**2/2 + 16*u - 200. Determine r(-4).
12
Let h(q) = -q**2 - 2*q - 4. Let d be h(-3). Let s(u) = -696*u - 20. Let l(m) = -199*m - 7. Let z(w) = -7*l(w) + 2*s(w). What is z(d)?
2
Let s = 39 - 33. Let z(u) = -u**2 + 10*u - 6. Determine z(s).
18
Let t be (-5 - -7)*3*(-4)/(-3). Let z(h) = -h**3 + 7*h**2 + 11*h + 1. Give z(t).
25
Let s(l) = 2 - 3 - 1 - 4*l + 4*l**2 - 5*l**2. What is s(-5)?
-7
Let p(r) be the first derivative of 4 + 1/2*r**2 + 7*r. Suppose -t + 20 = -3*n - 2*n, 4 = -n + 3*t. Calculate p(n).
3
Let t(k) = -18*k**3 + k**2 - 5*k - 6. Let c(z) = -18*z**3 + z**2 - 4*z - 5. Let p(m) = 5*c(m) - 4*t(m). What is p(-1)?
18
Suppose 2*j + 3*z + 4 = 0, 3 = -3*j - 4*z - 1. Let q(b) be the first derivative of 1/4*b**4 + b - 4/3*b**3 + b**2 + 6. Give q(j).
9
Let j(a) = a - 11*a**2 - 521 - 2*a + 535 + 12*a**2. What is j(0)?
14
Let h(j) = 4 + 36*j + 37*j + 36*j - 114*j. Determine h(-5).
29
Let d(c) = 25*c**2 - 6*c - 152 + 145 - 24*c**2. Suppose 4*y = 31 - 7. What is d(y)?
-7
Let r(f) = -9*f**3 - 2*f - 1. Let a(n) = 10 - 8 + 21 + 3*n. Let i be a(-8). What is r(i)?
10
Suppose 4*j = -3*m + 19, 4*m + 18 = 3*j + 5*m. Suppose -j*o + 40 = -2*o. Let p(f) = -f**2 + 7*f - 4. Determine p(o).
-12
Let s be 212/18 - (172/36 - 5). Let m = -13 + s. Let j(i) = 5*i**2 + 2*i + 1. What is j(m)?
4
Let p(q) be the first derivative of -q**4/4 - 5*q**3/3 - q**2/2 + 4*q + 114. Give p(-5).
9
Let j(c) = -2*c**3 - c**2 + c + 2. Let o = -506 + 508. Determine j(o).
-16
Suppose -t = -2*c, 4*t + 36 = -0*t - c. Let p = -6 - t. Let s(q) = 3*q - 30*q**2 + 2 - q + 27*q**2. Calculate s(p).
-6
Let i(z) = -9*z**3 + 2*z - 1. Suppose -x - 8 = 2*v - 7*v, 2*v + 16 = -6*x. Calculate i(v).
-8
Let y(c) = 5*c**3 + 40*c**2 - 4*c**3 - 3*c - 42*c**2. Let b be y(3). Suppose b = 4*a - 7*a. Let s(n) = n**3 - n**2 + n + 1. Determine s(a).
1
Let c(s) = 2*s - 7. Let j = 24 - 27. Let m(h) = h + 5. Let y be m(j). Suppose 5*l + 2*u - 24 = 0, -3*u + 4*u + 15 = y*l. Determine c(l).
5
Suppose k - 18 = 5*w, -k - 2*w - 2 = 1. Let d(q) = -k - q + q - q. Determine d(0).
-3
Let q(r) = -19*r - 9. Let s(h) = -11*h - 6. Let d(t) = -5*q(t) + 8*s(t). Give d(3).
18
Let m(h) = 103*h**3 - h**2 - 9 - 102*h**3 + 1 - h. Calculate m(0).
-8
Let l(f) = f**2 + 12*f - 9 + 17*f - 4*f - 44*f. What is l(18)?
-27
Let i(j) = -j**3 - 10*j**2 + 5. Suppose 0 = -5*z - 20, 5*y + 70 = -8*z + 3*z. What is i(y)?
5
Let d(g) = g**2 - 1. Let x(y) = y - 2. Let c be x(5). Suppose 3*u + c*m - 7 = -m, -2*m = -2*u + 28. Suppose -u*j - 8 = -13*j. Determine d(j).
3
Let q(w) = w**2 - 3*w - 3. Let v be (8 + -12)*10/(-8). What is q(v)?
7
Suppose 0 = 23*b - 106 + 60. Suppose -4*v = -2*v. Let w(p) = 2*p + 2*p**2 - 4*p**2 + v*p + p**3 - 1. Give w(b).
3
Suppose 0 = 3*a + 3*p - 12, -2*a + 6*p + 32 = 2*p. Let c(z) = -2*z**2 + 0 + 7*z + z - 2 + z**2. Calculate c(a).
-2
Let w(a) be the third derivative of a**4/12 + 3*a**3/2 + 46*a**2. Determine w(-4).
1
Let t(g) be the first derivative of -1/2*g**2 + 1 - 4*g. Give t(0).
-4
Suppose -1444 = 2*q - 1456. Let d(w) = w - 4 - 5 - 2 + 8. Give d(q).
3
Let q(o) = o**3 + o**2 + o + 5. Suppose 14 = 3*d - d - 2*p, 4*d = -4*p + 12. Suppose 3*h - d*h = 0. What is q(h)?
5
Let a(s) = 4*s**2 + s. Let t = -195 + 193. What is a(t)?
14
Let x be 1/(3/(-3))*-2. Let q = -7 - -9. Let c(i) = -2*i + 2*i**3 - 2*i**q - 2*i**3 + i**3 - 1. Calculate c(x).
-5
Let o(k) = -2*k**3 - 17*k**2 + 8*k - 9. Let y = -1210 + 1201. What is o(y)?
0
Let o(z) = -z**2 - 29*z - 22. Let f be (-18)/(-27) - 774/27. What is o(f)?
6
Let b(u) = -13*u**2 + 7 - 8 + 7*u + u**3 + 5*u**2. Suppose -4*a = 11*a - 105. Give b(a).
-1
Let r(i) = -i - 5. Let n be 7718/(-51) - (2/3 - 2). Let l = -153 - n. Give r(l).
-2
Suppose k - 135 + 141 = 0. Let f(d) = -d**3 - 4*d**2 + 7*d + 8. Calculate f(k).
38
Let p(d) = -5*d**2 + 1. Suppose 15 = w - 3*m, 3*w - 2*w - 4*m - 19 = 0. Let z be (w - 4)/(3 - 2). What is p(z)?
-4
Suppose -2*b + 27 = 2*h + 3*b, 0 = 2*h - 4*b - 54. Suppose -6*n - 69 = -h. Let x(a) = 9 - 4*a + a - a**2 - 3*a. Calculate x(n).
-7
Suppose -i - 4*v - 20 = 0, i - v = 2*i + 8. Let d(k) = -11 + 0*k - 4*k + 5*k + 10. Calculate d(i).
-5
Let u = 16 + -12. Let d(f) = 6*f + 9 - u*f - 21. Determine d(8).
4
Let s = 39 - 44. Let q be 3 + (-7 - s) + -3. Let h(j) = -2*j**3 - 2*j**2 + j. Calculate h(q).
6
Let x(o) = 9*o**3 + o + 1. Suppose -5*i = 2*d - 12, -2*d = 4*i + 2 - 14. Suppose 4*p + 2*p = -d. What is x(p)?
-9
Let v = -9 - -14. Let a(f) = -56*f**3 + 5*f - 6*f**2 - 3 + 57*f**3 - 2*f + 10. What is a(v)?
-3
Let x(d) = -35*d + 2*d**2 + 25 - 14 - 11*d + 52*d. Calculate x(-3).
11
Let h(d) = d**3 + 2*d**2 - 3*d. Let q be (12 - 8)*(-2)/(-4). Suppose 0 = 3*p + q*p + 15. Determine h(p).
0
Suppose -5*x - 89 + 14 = 0. Let n = x - -15. Let b(p) = -p + 4. Determine b(n).
4
Let i(j) be the first derivative of -j**2/2 - 16*j - 678. Suppose -2*z - 3*z = 0. Give i(z).
-16
Let h(z) = -z**3 - 6*z**2 + 1. Let k = 79 - -41. Let s be 1/(-5 - k/(-25)). Calculate h(s).
-24
Let m = -130 - -119. Let g(w) = -7*w**2 - 13*w - 3. Let t(h) = 13*h**2 + 25*h + 6. Let x(b) = m*g(b) - 6*t(b). Calculate x(-5).
7
Let k(h) = h**2 + 5*h - 7. Suppose -5*l + 41 = -b, 0 = l - 4*b + 3 + 4. Let j be (1 + 0)*l/((-54)/30). Calculate k(j).
-7
Suppose 4*f - n = 3*f, 3*n = -2*f - 15. Let z(r) = -r**3 + 2*r**2 - r. Let a(k) = -3*k**3 + 10*k**2 + k + 4. Let h(v) = -a(v) + 4*z(v). Calculate h(f).
20
Let j(t) = 4*t**3 - 2*t**2 + 4*t + 8. Let k = 21 - 22. Let o(f) = f**3 + f**2 + f + 1. Let a(n) = k*j(n) + 3*o(n). What is a(4)?
7
Let c(v) be the third derivative of -v**8/20160 - v**7/1008 - v**6/120 - 3*v**5/20 - 13*v**2. Let b(n) be the third derivative of c(n). Calculate b(-5).
-6
Let r be (-8 - 12)*1/(-2). Suppose -a + 20 = 4*c, 3*a + 2*c - 4*c + r = 0. Let o(z) = -3 - 2 + 1 - z + 5. What is o(a)?
1
Let x(b) = b**3 + 8*b**2 + 5*b + 3. Suppose -l - 11 = g, 4*g + 5*l = 3*g - 27. What is x(g)?
17
Let d(h) = -6*h**2 - 3*h. Suppose 2169 = r + 2171. What is d(r)?
-18
Let w(y) = y**2 - 3*y - 6. Let r(h) = -3*h**2 + 5*h + 13. Let z(u) = -2*r(u) - 5*w(u). Suppose 2 = -c - 2*d, -5*c = -0*c + d + 28. What is z(c)?
10
Let t(s) be the first derivative of 7 + s**3 + 1/4*s**4 + 3/2*s**2 + 